[INFO] cloning repository https://github.com/manpat/garden-rs
[INFO] running `Command { std: "git" "-c" "credential.helper=" "-c" "credential.helper=/workspace/cargo-home/bin/git-credential-null" "clone" "--bare" "https://github.com/manpat/garden-rs" "/workspace/cache/git-repos/https%3A%2F%2Fgithub.com%2Fmanpat%2Fgarden-rs", kill_on_drop: false }`
[INFO] [stderr] Cloning into bare repository '/workspace/cache/git-repos/https%3A%2F%2Fgithub.com%2Fmanpat%2Fgarden-rs'...
[INFO] running `Command { std: "git" "rev-parse" "HEAD", kill_on_drop: false }`
[INFO] [stdout] 9444190eac8b96c175fcf382c007302a398c3874
[INFO] checking manpat/garden-rs against master#af3c6e733a40e671550e0f0f5aeecaa13772ba56 for pr-74989
[INFO] running `Command { std: "git" "clone" "/workspace/cache/git-repos/https%3A%2F%2Fgithub.com%2Fmanpat%2Fgarden-rs" "/workspace/builds/worker-3/source", kill_on_drop: false }`
[INFO] [stderr] Cloning into '/workspace/builds/worker-3/source'...
[INFO] [stderr] done.
[INFO] validating manifest of git repo https://github.com/manpat/garden-rs on toolchain af3c6e733a40e671550e0f0f5aeecaa13772ba56
[INFO] running `Command { std: "/workspace/cargo-home/bin/cargo" "+af3c6e733a40e671550e0f0f5aeecaa13772ba56" "read-manifest" "--manifest-path" "Cargo.toml", kill_on_drop: false }`
[INFO] removed /workspace/builds/worker-3/source/.cargo/config
[INFO] started tweaking git repo https://github.com/manpat/garden-rs
[INFO] finished tweaking git repo https://github.com/manpat/garden-rs
[INFO] tweaked toml for git repo https://github.com/manpat/garden-rs written to /workspace/builds/worker-3/source/Cargo.toml
[INFO] crate git repo https://github.com/manpat/garden-rs already has a lockfile, it will not be regenerated
[INFO] running `Command { std: "/workspace/cargo-home/bin/cargo" "+af3c6e733a40e671550e0f0f5aeecaa13772ba56" "fetch" "--locked" "--manifest-path" "Cargo.toml", kill_on_drop: false }`
[INFO] running `Command { std: "docker" "create" "-v" "/var/lib/crater-agent-workspace/builds/worker-3/target:/opt/rustwide/target:rw,Z" "-v" "/var/lib/crater-agent-workspace/builds/worker-3/source:/opt/rustwide/workdir:ro,Z" "-v" "/var/lib/crater-agent-workspace/cargo-home:/opt/rustwide/cargo-home:ro,Z" "-v" "/var/lib/crater-agent-workspace/rustup-home:/opt/rustwide/rustup-home:ro,Z" "-e" "SOURCE_DIR=/opt/rustwide/workdir" "-e" "CARGO_TARGET_DIR=/opt/rustwide/target" "-e" "CARGO_HOME=/opt/rustwide/cargo-home" "-e" "RUSTUP_HOME=/opt/rustwide/rustup-home" "-w" "/opt/rustwide/workdir" "-m" "1610612736" "--user" "0:0" "--network" "none" "rustops/crates-build-env@sha256:d92eaeed33fa75130ca1ee6c8a01d1ffb62bac859dfdfb3450e3e5d1c0146529" "/opt/rustwide/cargo-home/bin/cargo" "+af3c6e733a40e671550e0f0f5aeecaa13772ba56" "metadata" "--no-deps" "--format-version=1", kill_on_drop: false }`
[INFO] [stdout] 35adb41fa4ad7573b55620f4f3348ccd6a9a3a259a2752435a846d472ad9966d
[INFO] [stderr] WARNING: Your kernel does not support swap limit capabilities or the cgroup is not mounted. Memory limited without swap.
[INFO] running `Command { std: "docker" "start" "-a" "35adb41fa4ad7573b55620f4f3348ccd6a9a3a259a2752435a846d472ad9966d", kill_on_drop: false }`
[INFO] running `Command { std: "docker" "inspect" "35adb41fa4ad7573b55620f4f3348ccd6a9a3a259a2752435a846d472ad9966d", kill_on_drop: false }`
[INFO] running `Command { std: "docker" "rm" "-f" "35adb41fa4ad7573b55620f4f3348ccd6a9a3a259a2752435a846d472ad9966d", kill_on_drop: false }`
[INFO] [stdout] 35adb41fa4ad7573b55620f4f3348ccd6a9a3a259a2752435a846d472ad9966d
[INFO] running `Command { std: "docker" "create" "-v" "/var/lib/crater-agent-workspace/builds/worker-3/target:/opt/rustwide/target:rw,Z" "-v" "/var/lib/crater-agent-workspace/builds/worker-3/source:/opt/rustwide/workdir:ro,Z" "-v" "/var/lib/crater-agent-workspace/cargo-home:/opt/rustwide/cargo-home:ro,Z" "-v" "/var/lib/crater-agent-workspace/rustup-home:/opt/rustwide/rustup-home:ro,Z" "-e" "SOURCE_DIR=/opt/rustwide/workdir" "-e" "CARGO_TARGET_DIR=/opt/rustwide/target" "-e" "CARGO_INCREMENTAL=0" "-e" "RUST_BACKTRACE=full" "-e" "RUSTFLAGS=--cap-lints=forbid" "-e" "CARGO_HOME=/opt/rustwide/cargo-home" "-e" "RUSTUP_HOME=/opt/rustwide/rustup-home" "-w" "/opt/rustwide/workdir" "-m" "1610612736" "--user" "0:0" "--network" "none" "rustops/crates-build-env@sha256:d92eaeed33fa75130ca1ee6c8a01d1ffb62bac859dfdfb3450e3e5d1c0146529" "/opt/rustwide/cargo-home/bin/cargo" "+af3c6e733a40e671550e0f0f5aeecaa13772ba56" "check" "--frozen" "--all" "--all-targets" "--message-format=json", kill_on_drop: false }`
[INFO] [stdout] 0740c57b644eff319f5d98b36867b20891840ff5bed69c79fef05efa9e6ded9f
[INFO] [stderr] WARNING: Your kernel does not support swap limit capabilities or the cgroup is not mounted. Memory limited without swap.
[INFO] running `Command { std: "docker" "start" "-a" "0740c57b644eff319f5d98b36867b20891840ff5bed69c79fef05efa9e6ded9f", kill_on_drop: false }`
[INFO] [stderr]    Compiling garden v0.1.0 (/opt/rustwide/workdir)
[INFO] [stderr]     Checking common v0.1.0 (https://github.com/manpat/common-rs.git#6820ab5d)
[INFO] [stdout] error[E0658]: use of unstable library feature 'clamp'
[INFO] [stdout]   --> /opt/rustwide/cargo-home/git/checkouts/common-rs-f24099189d4075d5/6820ab5/src/math/color.rs:40:13
[INFO] [stdout]    |
[INFO] [stdout] 40 |         let s = s.clamp(0.0, 1.0);
[INFO] [stdout]    |                   ^^^^^
[INFO] [stdout]    |
[INFO] [stdout]    = note: see issue #44095 <https://github.com/rust-lang/rust/issues/44095> for more information
[INFO] [stdout]    = help: add `#![feature(clamp)]` to the crate attributes to enable
[INFO] [stdout] 
[INFO] [stdout] 
[INFO] [stdout] error[E0658]: use of unstable library feature 'clamp'
[INFO] [stdout]   --> /opt/rustwide/cargo-home/git/checkouts/common-rs-f24099189d4075d5/6820ab5/src/math/color.rs:41:13
[INFO] [stdout]    |
[INFO] [stdout] 41 |         let v = v.clamp(0.0, 1.0);
[INFO] [stdout]    |                   ^^^^^
[INFO] [stdout]    |
[INFO] [stdout]    = note: see issue #44095 <https://github.com/rust-lang/rust/issues/44095> for more information
[INFO] [stdout]    = help: add `#![feature(clamp)]` to the crate attributes to enable
[INFO] [stdout] 
[INFO] [stdout] 
[INFO] [stderr] error: failed to run custom build command for `garden v0.1.0 (/opt/rustwide/workdir)`
[INFO] [stderr] 
[INFO] [stderr] Caused by:
[INFO] [stderr]   process didn't exit successfully: `/opt/rustwide/target/debug/build/garden-840d754ec81a907d/build-script-build` (exit code: 101)
[INFO] [stderr]   --- stderr
[INFO] [stderr]   thread 'main' panicked at 'called `Result::unwrap()` on an `Err` value: Os { code: 30, kind: Other, message: "Read-only file system" }', build.rs:64:40
[INFO] [stderr]   stack backtrace:
[INFO] [stderr]      0:     0x5626023d3d50 - std::backtrace_rs::backtrace::libunwind::trace::h452faf99f32e7c93
[INFO] [stderr]                                  at /rustc/af3c6e733a40e671550e0f0f5aeecaa13772ba56/library/std/src/../../backtrace/src/backtrace/libunwind.rs:96
[INFO] [stderr]      1:     0x5626023d3d50 - std::backtrace_rs::backtrace::trace_unsynchronized::he40edc71437667a1
[INFO] [stderr]                                  at /rustc/af3c6e733a40e671550e0f0f5aeecaa13772ba56/library/std/src/../../backtrace/src/backtrace/mod.rs:66
[INFO] [stderr]      2:     0x5626023d3d50 - std::sys_common::backtrace::_print_fmt::h6c51d6ade71f46bf
[INFO] [stderr]                                  at /rustc/af3c6e733a40e671550e0f0f5aeecaa13772ba56/library/std/src/sys_common/backtrace.rs:79
[INFO] [stderr]      3:     0x5626023d3d50 - <std::sys_common::backtrace::_print::DisplayBacktrace as core::fmt::Display>::fmt::h3cd15d7003dec37a
[INFO] [stderr]                                  at /rustc/af3c6e733a40e671550e0f0f5aeecaa13772ba56/library/std/src/sys_common/backtrace.rs:58
[INFO] [stderr]      4:     0x5626023ecbbc - core::fmt::write::h1857a60b204f1b6a
[INFO] [stderr]                                  at /rustc/af3c6e733a40e671550e0f0f5aeecaa13772ba56/library/core/src/fmt/mod.rs:1080
[INFO] [stderr]      5:     0x5626023d2117 - std::io::Write::write_fmt::hac61caff894c35ae
[INFO] [stderr]                                  at /rustc/af3c6e733a40e671550e0f0f5aeecaa13772ba56/library/std/src/io/mod.rs:1517
[INFO] [stderr]      6:     0x5626023d5e60 - std::sys_common::backtrace::_print::haa2f390fb7957e3e
[INFO] [stderr]                                  at /rustc/af3c6e733a40e671550e0f0f5aeecaa13772ba56/library/std/src/sys_common/backtrace.rs:61
[INFO] [stderr]      7:     0x5626023d5e60 - std::sys_common::backtrace::print::h48c7cbbad9013bb1
[INFO] [stderr]                                  at /rustc/af3c6e733a40e671550e0f0f5aeecaa13772ba56/library/std/src/sys_common/backtrace.rs:48
[INFO] [stderr]      8:     0x5626023d5e60 - std::panicking::default_hook::{{closure}}::h8b7ff05a31e71d55
[INFO] [stderr]                                  at /rustc/af3c6e733a40e671550e0f0f5aeecaa13772ba56/library/std/src/panicking.rs:208
[INFO] [stderr]      9:     0x5626023d5bac - std::panicking::default_hook::h2f00c78800d98e4c
[INFO] [stderr]                                  at /rustc/af3c6e733a40e671550e0f0f5aeecaa13772ba56/library/std/src/panicking.rs:227
[INFO] [stderr]     10:     0x5626023d64c3 - std::panicking::rust_panic_with_hook::h4eaa635e4694aef3
[INFO] [stderr]                                  at /rustc/af3c6e733a40e671550e0f0f5aeecaa13772ba56/library/std/src/panicking.rs:577
[INFO] [stderr]     11:     0x5626023d6099 - std::panicking::begin_panic_handler::{{closure}}::hec242f1b136b5ff2
[INFO] [stderr]                                  at /rustc/af3c6e733a40e671550e0f0f5aeecaa13772ba56/library/std/src/panicking.rs:484
[INFO] [stderr]     12:     0x5626023d41bc - std::sys_common::backtrace::__rust_end_short_backtrace::h1f3cc383ee6c0374
[INFO] [stderr]                                  at /rustc/af3c6e733a40e671550e0f0f5aeecaa13772ba56/library/std/src/sys_common/backtrace.rs:153
[INFO] [stderr]     13:     0x5626023d6059 - rust_begin_unwind
[INFO] [stderr]                                  at /rustc/af3c6e733a40e671550e0f0f5aeecaa13772ba56/library/std/src/panicking.rs:483
[INFO] [stderr]     14:     0x5626023ebee1 - core::panicking::panic_fmt::hb15d6f55e8472f62
[INFO] [stderr]                                  at /rustc/af3c6e733a40e671550e0f0f5aeecaa13772ba56/library/core/src/panicking.rs:85
[INFO] [stderr]     15:     0x5626023ebd03 - core::option::expect_none_failed::he492a18657d97593
[INFO] [stderr]                                  at /rustc/af3c6e733a40e671550e0f0f5aeecaa13772ba56/library/core/src/option.rs:1221
[INFO] [stderr]     16:     0x5626023bcde9 - core::result::Result<T,E>::unwrap::h9dc0b3dae5d36aa9
[INFO] [stderr]                                  at /rustc/af3c6e733a40e671550e0f0f5aeecaa13772ba56/library/core/src/result.rs:973
[INFO] [stderr]     17:     0x5626023c02fe - build_script_build::main::hbff28a2ccbe565a6
[INFO] [stderr]                                  at /opt/rustwide/workdir/build.rs:64
[INFO] [stderr]     18:     0x5626023bc7db - core::ops::function::FnOnce::call_once::h05b916bd72399257
[INFO] [stderr]                                  at /rustc/af3c6e733a40e671550e0f0f5aeecaa13772ba56/library/core/src/ops/function.rs:227
[INFO] [stderr]     19:     0x5626023bc5fe - std::sys_common::backtrace::__rust_begin_short_backtrace::h657c92834403c12d
[INFO] [stderr]                                  at /rustc/af3c6e733a40e671550e0f0f5aeecaa13772ba56/library/std/src/sys_common/backtrace.rs:137
[INFO] [stderr]     20:     0x5626023bbd71 - std::rt::lang_start::{{closure}}::h4076ad83cf0db1c6
[INFO] [stderr]                                  at /rustc/af3c6e733a40e671550e0f0f5aeecaa13772ba56/library/std/src/rt.rs:66
[INFO] [stderr]     21:     0x5626023d68c1 - core::ops::function::impls::<impl core::ops::function::FnOnce<A> for &F>::call_once::hecc21eb9018cc197
[INFO] [stderr]                                  at /rustc/af3c6e733a40e671550e0f0f5aeecaa13772ba56/library/core/src/ops/function.rs:259
[INFO] [stderr]     22:     0x5626023d68c1 - std::panicking::try::do_call::h174ad655d084b5c7
[INFO] [stderr]                                  at /rustc/af3c6e733a40e671550e0f0f5aeecaa13772ba56/library/std/src/panicking.rs:381
[INFO] [stderr]     23:     0x5626023d68c1 - std::panicking::try::h479e6054ce28de10
[INFO] [stderr]                                  at /rustc/af3c6e733a40e671550e0f0f5aeecaa13772ba56/library/std/src/panicking.rs:345
[INFO] [stderr]     24:     0x5626023d68c1 - std::panic::catch_unwind::hb558ddea2b3e9c45
[INFO] [stderr]                                  at /rustc/af3c6e733a40e671550e0f0f5aeecaa13772ba56/library/std/src/panic.rs:382
[INFO] [stderr]     25:     0x5626023d68c1 - std::rt::lang_start_internal::h163149047f0a8b61
[INFO] [stderr]                                  at /rustc/af3c6e733a40e671550e0f0f5aeecaa13772ba56/library/std/src/rt.rs:51
[INFO] [stderr]     26:     0x5626023bbd47 - std::rt::lang_start::h700e7fbf23810636
[INFO] [stderr]                                  at /rustc/af3c6e733a40e671550e0f0f5aeecaa13772ba56/library/std/src/rt.rs:65
[INFO] [stderr]     27:     0x5626023c04fa - main
[INFO] [stderr]     28:     0x7fd3ad7bc0b3 - __libc_start_main
[INFO] [stderr]     29:     0x5626023b80ae - _start
[INFO] [stderr]     30:                0x0 - <unknown>
[INFO] [stderr] warning: build failed, waiting for other jobs to finish...
[INFO] [stdout] error[E0599]: no method named `resume` found for struct `Box<(dyn std::ops::Generator<Return = (), Yield = Y> + 'static)>` in the current scope
[INFO] [stdout]   --> /opt/rustwide/cargo-home/git/checkouts/common-rs-f24099189d4075d5/6820ab5/src/coro.rs:29:61
[INFO] [stdout]    |
[INFO] [stdout] 29 |         if let GeneratorState::Yielded(yielded_value) = self.coro.resume() {
[INFO] [stdout]    |                                                                   ^^^^^^ method not found in `Box<(dyn std::ops::Generator<Return = (), Yield = Y> + 'static)>`
[INFO] [stdout] 
[INFO] [stdout] 
[INFO] [stdout] error[E0599]: no method named `resume` found for struct `Box<(dyn std::ops::Generator<Return = (), Yield = Y> + 'static)>` in the current scope
[INFO] [stdout]   --> /opt/rustwide/cargo-home/git/checkouts/common-rs-f24099189d4075d5/6820ab5/src/coro.rs:42:61
[INFO] [stdout]    |
[INFO] [stdout] 42 |         if let GeneratorState::Yielded(yielded_value) = self.coro.resume() {
[INFO] [stdout]    |                                                                   ^^^^^^ method not found in `Box<(dyn std::ops::Generator<Return = (), Yield = Y> + 'static)>`
[INFO] [stdout] 
[INFO] [stdout] 
[INFO] [stdout] error[E0599]: no method named `resume` found for type parameter `G` in the current scope
[INFO] [stdout]   --> /opt/rustwide/cargo-home/git/checkouts/common-rs-f24099189d4075d5/6820ab5/src/coro.rs:78:61
[INFO] [stdout]    |
[INFO] [stdout] 78 |         if let GeneratorState::Yielded(yielded_value) = self.coro.resume() {
[INFO] [stdout]    |                                                                   ^^^^^^ method not found in `G`
[INFO] [stdout] 
[INFO] [stdout] 
[INFO] [stdout] error[E0599]: no method named `resume` found for type parameter `G` in the current scope
[INFO] [stdout]   --> /opt/rustwide/cargo-home/git/checkouts/common-rs-f24099189d4075d5/6820ab5/src/coro.rs:91:61
[INFO] [stdout]    |
[INFO] [stdout] 91 |         if let GeneratorState::Yielded(yielded_value) = self.coro.resume() {
[INFO] [stdout]    |                                                                   ^^^^^^ method not found in `G`
[INFO] [stdout] 
[INFO] [stdout] 
[INFO] [stdout] error: aborting due to 6 previous errors
[INFO] [stdout] 
[INFO] [stdout] 
[INFO] [stdout] Some errors have detailed explanations: E0599, E0658.
[INFO] [stdout] 
[INFO] [stdout] For more information about an error, try `rustc --explain E0599`.
[INFO] [stdout] 
[INFO] [stderr] error: build failed
[INFO] running `Command { std: "docker" "inspect" "0740c57b644eff319f5d98b36867b20891840ff5bed69c79fef05efa9e6ded9f", kill_on_drop: false }`
[INFO] running `Command { std: "docker" "rm" "-f" "0740c57b644eff319f5d98b36867b20891840ff5bed69c79fef05efa9e6ded9f", kill_on_drop: false }`
[INFO] [stdout] 0740c57b644eff319f5d98b36867b20891840ff5bed69c79fef05efa9e6ded9f
